15.
-23d263
Convert 102a71 (base 11) to base 4.
220102021
Convert -70596b (base 15) to base 12.
-1953202
What is -850964 (base 13) in base 7?
-35321624
576454 (base 8) to base 2
101111110100101100
Convert -2323003 (base 4) to base 14.
-4511
Convert 392708 (base 12) to base 4.
3210321320
What is 313444212 (base 6) in base 15?
73868e
1114432 (base 6) to base 10
56756
70690 (base 10) to base 3
10120222011
What is -28609a1 (base 11) in base 15?
-672e36
Convert -160555 (base 9) to base 16.
-18236
1ac08 (base 13) to base 8
146527
Convert 3601042 (base 7) to base 8.
1567022
What is 2302410 (base 5) in base 4?
22000110
What is 4426095 (base 10) in base 11?
2553433
What is -23014113 (base 7) in base 10?
-2003865
Convert 92a495 (base 12) to base 11.
1330246
106666 (base 7) to base 16
4b07
Convert -16981b (base 13) to base 4.
-2021221200
What is 10011000110110001 (base 2) in base 10?
78257
58a33a (base 14) to base 12
101a380
112236 (base 10) to base 16
1b66c
-301030311032 (base 4) to base 13
-2897732
Convert 154ca89 (base 13) to base 12.
2352071
What is -c12140 (base 16) in base 12?
-42a4768
What is 56260 (base 8) in base 3?
1012112211
111100220200200 (base 3) to base 7
114245010
1011101101100010001 (base 2) to base 5
44240021
Convert -68a791 (base 14) to base 13.
-979b12
5489a20 (base 11) to base 15
ca4068
Convert -20011222001 (base 3) to base 5.
-12343332
Convert 31262 (base 9) to base 6.
235302
-20729 (base 15) to base 16
-191d0
What is -130111321 (base 4) in base 14?
-30441
Convert 3b4b179 (base 12) to base 3.
211012100211210
Convert -b95837 (base 13) to base 16.
-426e77
Convert -54263 (base 7) to base 8.
-32320
4034401 (base 6) to base 2
101110110000100001
What is 222212212002 (base 3) in base 12?
216278
-110376753 (base 8) to base 13
-3c2550c
10644346 (base 7) to base 8
3443166
1000212111212110 (base 3) to base 10
14811726
Convert -1030043 (base 6) to base 14.
-14603
What is -1ee4a5 (base 15) in base 8?
-5621616
Convert 101100000010001011 (base 2) to base 14.
49a31
What is 345234 (base 10) in base 16?
54492
Convert 203332122 (base 4) to base 10.
147354
Convert 261075 (base 16) to base 2.
1001100001000001110101
-660404 (base 7) to base 8
-341370
Convert -212221110212 (base 3) to base 4.
-1303003301
Convert -313230 (base 8) to base 14.
-29d0c
18608548 (base 10) to base 16
11bf1a4
-a217 (base 15) to base 6
-422234
Convert 409280 (base 11) to base 13.
19ca90
Convert bcb11 (base 13) to base 12.
1461a0
-1001000010011001101010 (base 2) to base 9
-4410746
What is -70360 (base 10) in base 4?
-101023120
Convert 338b16 (base 12) to base 16.
c9342
What is 18072121 (base 10) in base 6?
1443203121
37ba37 (base 14) to base 8
7233321
What is 231546 (base 9) in base 13?
4b330
What is 596b38 (base 16) in base 12?
1b67360
7975500 (base 10) to base 11
4558125
Convert 10100001010001100111100 (base 2) to base 14.
9b7c84
What is -12121323 (base 6) in base 7?
-3156255
Convert 521572 (base 9) to base 15.
61acb
Convert 1230342210 (base 5) to base 6.
143520334
-4100101312 (base 5) to base 6
-451520505
-1381107 (base 10) to base 14
-27d467
What is f80e (base 16) in base 3?
10020002221
Convert 274104 (base 9) to base 7.
1263646
Convert 25412 (base 9) to base 15.
5102
Convert -1673574 (base 8) to base 16.
-7777c
-148788 (base 11) to base 7
-1652033
Convert 2b19c5 (base 13) to base 4.
10002330130
What is 416344 (base 7) in base 14?
1c294
What is -10010101001100111 (base 2) in base 6?
-1345355
What is -322123 (base 7) in base 4?
-31222213
Convert 3082208 (base 9) to base 16.
192737
What is -21331303123 (base 4) in base 15?
-3690cd
Convert -1066630 (base 8) to base 9.
-482064
What is 205331010 (base 6) in base 8?
15636156
352376 (base 9) to base 14
57230
144a261 (base 11) to base 6
125154140
What is a447 (base 12) in base 7?
103135
12222101 (base 3) to base 14
1833
Convert -1110101000011101011 (base 2) to base 16.
-750eb
17007224 (base 9) to base 3
121000021020211
Convert -204b1 (base 15) to base 3.
-12012100111
Convert 66596 (base 13) to base 3.
100102110222
Convert 16150103 (base 8) to base 3.
21000011110011
108473 (base 12) to base 3
111101012120
-90832a (base 15) to base 10
-6862090
Convert 24318b (base 12) to base 10.
586043
10220222310 (base 4) to base 5
302341111
-111033433 (base 5) to base 2
-1110110110101010111
212022102011 (base 3) to base 16
7005a
Convert 2414302 (base 5) to base 13.
175cb
13155244 (base 7) to base 11
754a47
b3481 (base 12) to base 13
82645
120021210120 (base 3) to base 16
49782
What is cc72 (base 16) in base 10?
52338
Convert -147657 (base 11) to base 8.
-700530
12005114 (base 8) to base 14
4c4420
11102011011 (base 3) to base 12
42327
Convert 79162 (base 11) to base 5.
12132110
12211202220 (base 3) to base 7
656220
1025448 (base 9) to base 7
4443230
Convert -129794 (base 10) to base 2.
-11111101100000010
Convert 72bbb8 (base 13) to base 16.
28edee
What is 8a0505 (base 12) in base 8?
10306325
Convert -76299 (base 11) to base 10.
-110823
What is -35641 (base 7) in base 10?
-9241
-2422113 (base 7) to base 15
-61433
2301132 (base 5) to base 4
21331120
What is 10835524 (base 9) in base 12?
1927064
Convert -4041303103 (base 5) to base 10.
-8150403
Convert -140600 (base 9) to base 11.
-594a1
What is -201021202022222 (base 3) in base 8?
-47063376
What is 101310322001 (base 4) in base 16?
474e81
What is -105141524 (base 6) in base 14?
-381dc8
Convert 284a57 (base 13) to base 14.
1b7a40
What is 1000001010100111001 (base 2) in base 3?
111121001021
Convert 323535252 (base 6) to base 16.
583c70
Convert 12210111002 (base 3) to base 8.
336635
What is -9ca8c (base 13) in base 9?
-474220
Convert 254644 (base 8) to base 9.
144335
Convert 1154742 (base 9) to base 8.
2310200
-16303 (base 11) to base 16
-59d1
Convert -233311121 (base 4) to base 8.
-576531
-101010101000001101 (base 2) to base 12
-85065
What is -13342112 (base 6) in base 14?
-b983a
What is -16a48 (base 12) in base 8?
-77530
What is aa099 (base 12) in base 9?
372270
11611364 (base 8) to base 4
21301023310
What is -2325151 (base 9) in base 8?
-4626733
Convert 103004544 (base 6) to base 14.
35570c
156275 (base 9) to base 2
10111100011001010
What is -66552 (base 12) in base 2?
-100001000110001110
Convert -771cc1 (base 14) to base 7.
-46221231
What is 4337a3 (base 11) in base 7?
5614433
What is 12201432 (base 5) in base 12?
57077
Convert 11000110111011100001 (base 2) to base 14.
172d33
-2243340 (base 6) to base 9
-184456
Convert -1a286 (base 15) to base 7.
-502446
-840500 (base 14) to base 12
-15ab504
What is ce8e (base 16) in base 8?
147216
Convert 47503 (base 10) to base 11.
32765
Convert 702437 (base 9) to base 4.
1211112313
130112020 (base 4) to base 5
12203404
Convert -212201211210 (base 3) to base 9.
-781753
-96a874 (base 12) to base 14
-460332
Convert 3437 (base 14) to base 7.
35300
Convert -2525222 (base 6) to base 9.
-226435
Convert 305351033 (base 6) to base 13.
11384a6
What is 416567 (base 10) in base 9?
704372
What is -336631 (base 8) in base 14?
-2d801
Convert -c96265 (base 13) to base 12.
-16bb074
Convert 247610 (base 10) to base 14.
66346
-3255a1 (base 12) to base 8
-3025411
What is 1b2b4 (base 13) in base 2?
1100111111011101
3512535 (base 6) to base 2
101100001000101011
What is 121809 (base 10) in base 7?
1015062
-23315 (base 13) to base 5
-4023423
2714411 (base 8) to base 16
b9909
1962382 (base 10) to base 6
110021034
What is 26125643 (base 7) in base 15?
31e2be
924d9 (base 16) to base 4
2102103121
What is -26207838 (base 9) in base 14?
-19d3468
Convert b5823a (base 13) to base 11.
243a363
-339465 (base 12) to base 8
-3113115
What is -210111112222 (base 3) in base 14?
-b0344
24b5d8 (base 16) to base 2
1001001011010111011000
What is 100110110110100010 (base 2) in base 13?
57585
-3241004 (base 5) to base 10
-55754
-355796 (base 14) to base 15
-25e751
What is 41608 (base 13) in base 16?
1cad7
-11120111201 (base 3) to base 15
-1ba27
What is 232110315 (base 7) in base 3?
222211020001010
Convert 9747 (base 13) to base 6.
241143
-199817 (base 11) to base 16
-4aa79
What is -35894 (base 11) in base 13?
-1a680
462851 (base 13) to base 12
682012
What is -145546531 (base 7) in base 8?
-45125516
What is 4505653 (base 9) in base 2?
1001010000000101100100
-10222002102221 (base 3) to base 2
-100000001010011